{"id":13,"date":"2011-12-02T12:58:44","date_gmt":"2011-12-02T11:58:44","guid":{"rendered":"https:\/\/www.gbfoodricercasviluppo.com\/francais\/?page_id=13"},"modified":"2015-11-12T10:49:36","modified_gmt":"2015-11-12T09:49:36","slug":"propos-de-nous","status":"publish","type":"page","link":"https:\/\/www.gbfoodricercasviluppo.com\/francais\/propos-de-nous\/","title":{"rendered":"\u00c0 propos de nous"},"content":{"rendered":"<h1><strong>La soci\u00e9t\u00e9<\/strong><\/h1>\n<p>GB STUDIO est une entreprise avec plus de 30 ans d&rsquo;exp\u00e9rience dans le d\u00e9veloppement de nouveaux produits alimentaires. Gr\u00e2ce \u00e0 la contribution des diff\u00e9rents professionnels, de chefs de technologue alimentaire, jusqu&rsquo;\u00e0 des experts dans la construction d&rsquo;installations et de la gestion de la qualit\u00e9, GB Studio est capable de:<\/p>\n<ul>\n<li>Traduire les id\u00e9es nouvelles en recettes parfaitement \u00e9quilibr\u00e9es en termes de qualit\u00e9s organoleptique, nutritionnelle et sensorielle;<\/li>\n<li>Traduire les recettes calibr\u00e9es dans le processus de production, depuis les mati\u00e8res premi\u00e8res jusqu&rsquo;au produit emball\u00e9;<\/li>\n<li>Prototype de l&rsquo;usine de production, en v\u00e9rifiant le profit ou la perte du produit;<\/li>\n<li>Faciliter le passage des clients du prototype \u00e0 la ligne de production elle-m\u00eame,fournir l&rsquo;assistance et la formation du personnel.<\/li>\n<\/ul>\n<div id=\"envira-gallery-wrap-1645\" class=\"envira-gallery-wrap envira-gallery-theme-base envira-lightbox-theme-base\" itemscope itemtype=\"https:\/\/schema.org\/ImageGallery\"><div data-row-height=\"\" data-gallery-theme=\"\" id=\"envira-gallery-1645\" class=\"envira-gallery-public  envira-gallery-3-columns envira-clear enviratope envira-gallery-css-animations\" data-envira-columns=\"3\"><div id=\"envira-gallery-item-1646\" class=\"envira-gallery-item enviratope-item envira-gallery-item-1\" style=\"padding-left: 5px; padding-bottom: 10px; padding-right: 5px;\"  itemscope itemtype=\"https:\/\/schema.org\/ImageObject\"><div class=\"envira-gallery-item-inner\"><div class=\"envira-gallery-position-overlay  envira-gallery-top-left\"><\/div><div class=\"envira-gallery-position-overlay  envira-gallery-top-right\"><\/div><div class=\"envira-gallery-position-overlay  envira-gallery-bottom-left\"><\/div><div class=\"envira-gallery-position-overlay  envira-gallery-bottom-right\"><\/div><a href=\"https:\/\/www.gbfoodricercasviluppo.com\/francais\/wp-content\/uploads\/2015\/11\/laboratorio-cibo-ricerca-e-sviluppo.jpg\" class=\"envira-gallery-1645 envira-gallery-link\" rel=\"enviragallery1645\" title=\"laboratorio-cibo-ricerca-e-sviluppo\" data-envira-caption=\"laboratorio-cibo-ricerca-e-sviluppo\" data-envira-retina=\"\" data-thumbnail=\"\"  itemprop=\"contentUrl\"><img id=\"envira-gallery-image-1646\" class=\"envira-gallery-image envira-gallery-image-1\" data-envira-index=\"1\" src=\"https:\/\/www.gbfoodricercasviluppo.com\/francais\/wp-content\/uploads\/2015\/11\/laboratorio-cibo-ricerca-e-sviluppo-130x100_c.jpg\" data-envira-src=\"https:\/\/www.gbfoodricercasviluppo.com\/francais\/wp-content\/uploads\/2015\/11\/laboratorio-cibo-ricerca-e-sviluppo-130x100_c.jpg\" data-envira-gallery-id=\"1645\" data-envira-item-id=\"1646\" data-envira-caption=\"laboratorio-cibo-ricerca-e-sviluppo\" alt=\"\" title=\"laboratorio-cibo-ricerca-e-sviluppo\"  itemprop=\"thumbnailUrl\" data-envira-srcset=\"https:\/\/www.gbfoodricercasviluppo.com\/francais\/wp-content\/uploads\/2015\/11\/laboratorio-cibo-ricerca-e-sviluppo-130x100_c.jpg 400w,https:\/\/www.gbfoodricercasviluppo.com\/francais\/wp-content\/uploads\/2015\/11\/laboratorio-cibo-ricerca-e-sviluppo-130x100_c.jpg 2x\" srcset=\"https:\/\/www.gbfoodricercasviluppo.com\/francais\/wp-content\/uploads\/2015\/11\/laboratorio-cibo-ricerca-e-sviluppo-260x200_c.jpg 2x\" \/><\/a><\/div><\/div><div id=\"envira-gallery-item-1647\" class=\"envira-gallery-item enviratope-item envira-gallery-item-2\" style=\"padding-left: 5px; padding-bottom: 10px; padding-right: 5px;\"  itemscope itemtype=\"https:\/\/schema.org\/ImageObject\"><div class=\"envira-gallery-item-inner\"><div class=\"envira-gallery-position-overlay  envira-gallery-top-left\"><\/div><div class=\"envira-gallery-position-overlay  envira-gallery-top-right\"><\/div><div class=\"envira-gallery-position-overlay  envira-gallery-bottom-left\"><\/div><div class=\"envira-gallery-position-overlay  envira-gallery-bottom-right\"><\/div><a href=\"https:\/\/www.gbfoodricercasviluppo.com\/francais\/wp-content\/uploads\/2015\/11\/laboratorio-cutter-cucina-e-tecnologia.jpg\" class=\"envira-gallery-1645 envira-gallery-link\" rel=\"enviragallery1645\" title=\"laboratorio-cutter-cucina-e-tecnologia\" data-envira-caption=\"laboratorio-cutter-cucina-e-tecnologia\" data-envira-retina=\"\" data-thumbnail=\"\"  itemprop=\"contentUrl\"><img id=\"envira-gallery-image-1647\" class=\"envira-gallery-image envira-gallery-image-2\" data-envira-index=\"2\" src=\"https:\/\/www.gbfoodricercasviluppo.com\/francais\/wp-content\/uploads\/2015\/11\/laboratorio-cutter-cucina-e-tecnologia-300x197-130x100_c.jpg\" data-envira-src=\"https:\/\/www.gbfoodricercasviluppo.com\/francais\/wp-content\/uploads\/2015\/11\/laboratorio-cutter-cucina-e-tecnologia-300x197-130x100_c.jpg\" data-envira-gallery-id=\"1645\" data-envira-item-id=\"1647\" data-envira-caption=\"laboratorio-cutter-cucina-e-tecnologia\" alt=\"\" title=\"laboratorio-cutter-cucina-e-tecnologia\"  itemprop=\"thumbnailUrl\" data-envira-srcset=\"https:\/\/www.gbfoodricercasviluppo.com\/francais\/wp-content\/uploads\/2015\/11\/laboratorio-cutter-cucina-e-tecnologia-300x197-130x100_c.jpg 400w,https:\/\/www.gbfoodricercasviluppo.com\/francais\/wp-content\/uploads\/2015\/11\/laboratorio-cutter-cucina-e-tecnologia-300x197-130x100_c.jpg 2x\" srcset=\"https:\/\/www.gbfoodricercasviluppo.com\/francais\/wp-content\/uploads\/2015\/11\/laboratorio-cutter-cucina-e-tecnologia-260x200_c.jpg 2x\" \/><\/a><\/div><\/div><div id=\"envira-gallery-item-1648\" class=\"envira-gallery-item enviratope-item envira-gallery-item-3\" style=\"padding-left: 5px; padding-bottom: 10px; padding-right: 5px;\"  itemscope itemtype=\"https:\/\/schema.org\/ImageObject\"><div class=\"envira-gallery-item-inner\"><div class=\"envira-gallery-position-overlay  envira-gallery-top-left\"><\/div><div class=\"envira-gallery-position-overlay  envira-gallery-top-right\"><\/div><div class=\"envira-gallery-position-overlay  envira-gallery-bottom-left\"><\/div><div class=\"envira-gallery-position-overlay  envira-gallery-bottom-right\"><\/div><a href=\"https:\/\/www.gbfoodricercasviluppo.com\/francais\/wp-content\/uploads\/2015\/11\/laboratorio-food-shelf-life.jpg\" class=\"envira-gallery-1645 envira-gallery-link\" rel=\"enviragallery1645\" title=\"laboratorio-food-shelf-life\" data-envira-caption=\"laboratorio-food-shelf-life\" data-envira-retina=\"\" data-thumbnail=\"\"  itemprop=\"contentUrl\"><img id=\"envira-gallery-image-1648\" class=\"envira-gallery-image envira-gallery-image-3\" data-envira-index=\"3\" src=\"https:\/\/www.gbfoodricercasviluppo.com\/francais\/wp-content\/uploads\/2015\/11\/laboratorio-food-shelf-life-130x100_c.jpg\" data-envira-src=\"https:\/\/www.gbfoodricercasviluppo.com\/francais\/wp-content\/uploads\/2015\/11\/laboratorio-food-shelf-life-130x100_c.jpg\" data-envira-gallery-id=\"1645\" data-envira-item-id=\"1648\" data-envira-caption=\"laboratorio-food-shelf-life\" alt=\"\" title=\"laboratorio-food-shelf-life\"  itemprop=\"thumbnailUrl\" data-envira-srcset=\"https:\/\/www.gbfoodricercasviluppo.com\/francais\/wp-content\/uploads\/2015\/11\/laboratorio-food-shelf-life-130x100_c.jpg 400w,https:\/\/www.gbfoodricercasviluppo.com\/francais\/wp-content\/uploads\/2015\/11\/laboratorio-food-shelf-life-130x100_c.jpg 2x\" srcset=\"https:\/\/www.gbfoodricercasviluppo.com\/francais\/wp-content\/uploads\/2015\/11\/laboratorio-food-shelf-life-260x200_c.jpg 2x\" \/><\/a><\/div><\/div><div id=\"envira-gallery-item-1649\" class=\"envira-gallery-item enviratope-item envira-gallery-item-4\" style=\"padding-left: 5px; padding-bottom: 10px; padding-right: 5px;\"  itemscope itemtype=\"https:\/\/schema.org\/ImageObject\"><div class=\"envira-gallery-item-inner\"><div class=\"envira-gallery-position-overlay  envira-gallery-top-left\"><\/div><div class=\"envira-gallery-position-overlay  envira-gallery-top-right\"><\/div><div class=\"envira-gallery-position-overlay  envira-gallery-bottom-left\"><\/div><div class=\"envira-gallery-position-overlay  envira-gallery-bottom-right\"><\/div><a href=\"https:\/\/www.gbfoodricercasviluppo.com\/francais\/wp-content\/uploads\/2015\/11\/laboratorio-sterilizzazione-alimenti.jpg\" class=\"envira-gallery-1645 envira-gallery-link\" rel=\"enviragallery1645\" title=\"laboratorio-sterilizzazione-alimenti\" data-envira-caption=\"laboratorio-sterilizzazione-alimenti\" data-envira-retina=\"\" data-thumbnail=\"\"  itemprop=\"contentUrl\"><img id=\"envira-gallery-image-1649\" class=\"envira-gallery-image envira-gallery-image-4\" data-envira-index=\"4\" src=\"https:\/\/www.gbfoodricercasviluppo.com\/francais\/wp-content\/uploads\/2015\/11\/laboratorio-sterilizzazione-alimenti-300x201-130x100_c.jpg\" data-envira-src=\"https:\/\/www.gbfoodricercasviluppo.com\/francais\/wp-content\/uploads\/2015\/11\/laboratorio-sterilizzazione-alimenti-300x201-130x100_c.jpg\" data-envira-gallery-id=\"1645\" data-envira-item-id=\"1649\" data-envira-caption=\"laboratorio-sterilizzazione-alimenti\" alt=\"\" title=\"laboratorio-sterilizzazione-alimenti\"  itemprop=\"thumbnailUrl\" data-envira-srcset=\"https:\/\/www.gbfoodricercasviluppo.com\/francais\/wp-content\/uploads\/2015\/11\/laboratorio-sterilizzazione-alimenti-300x201-130x100_c.jpg 400w,https:\/\/www.gbfoodricercasviluppo.com\/francais\/wp-content\/uploads\/2015\/11\/laboratorio-sterilizzazione-alimenti-300x201-130x100_c.jpg 2x\" srcset=\"https:\/\/www.gbfoodricercasviluppo.com\/francais\/wp-content\/uploads\/2015\/11\/laboratorio-sterilizzazione-alimenti-260x200_c.jpg 2x\" \/><\/a><\/div><\/div><div id=\"envira-gallery-item-1650\" class=\"envira-gallery-item enviratope-item envira-gallery-item-5\" style=\"padding-left: 5px; padding-bottom: 10px; padding-right: 5px;\"  itemscope itemtype=\"https:\/\/schema.org\/ImageObject\"><div class=\"envira-gallery-item-inner\"><div class=\"envira-gallery-position-overlay  envira-gallery-top-left\"><\/div><div class=\"envira-gallery-position-overlay  envira-gallery-top-right\"><\/div><div class=\"envira-gallery-position-overlay  envira-gallery-bottom-left\"><\/div><div class=\"envira-gallery-position-overlay  envira-gallery-bottom-right\"><\/div><a href=\"https:\/\/www.gbfoodricercasviluppo.com\/francais\/wp-content\/uploads\/2015\/11\/refrigerazione.gif\" class=\"envira-gallery-1645 envira-gallery-link\" rel=\"enviragallery1645\" title=\"refrigerazione\" data-envira-caption=\"refrigerazione\" data-envira-retina=\"\" data-thumbnail=\"\"  itemprop=\"contentUrl\"><img id=\"envira-gallery-image-1650\" class=\"envira-gallery-image envira-gallery-image-5\" data-envira-index=\"5\" src=\"https:\/\/www.gbfoodricercasviluppo.com\/francais\/wp-content\/uploads\/2015\/11\/refrigerazione-130x100_c.gif\" data-envira-src=\"https:\/\/www.gbfoodricercasviluppo.com\/francais\/wp-content\/uploads\/2015\/11\/refrigerazione-130x100_c.gif\" data-envira-gallery-id=\"1645\" data-envira-item-id=\"1650\" data-envira-caption=\"refrigerazione\" alt=\"\" title=\"refrigerazione\"  itemprop=\"thumbnailUrl\" data-envira-srcset=\"https:\/\/www.gbfoodricercasviluppo.com\/francais\/wp-content\/uploads\/2015\/11\/refrigerazione-130x100_c.gif 400w,https:\/\/www.gbfoodricercasviluppo.com\/francais\/wp-content\/uploads\/2015\/11\/refrigerazione-130x100_c.gif 2x\" srcset=\"https:\/\/www.gbfoodricercasviluppo.com\/francais\/wp-content\/uploads\/2015\/11\/refrigerazione-260x200_c.gif 2x\" \/><\/a><\/div><\/div><div id=\"envira-gallery-item-1651\" class=\"envira-gallery-item enviratope-item envira-gallery-item-6\" style=\"padding-left: 5px; padding-bottom: 10px; padding-right: 5px;\"  itemscope itemtype=\"https:\/\/schema.org\/ImageObject\"><div class=\"envira-gallery-item-inner\"><div class=\"envira-gallery-position-overlay  envira-gallery-top-left\"><\/div><div class=\"envira-gallery-position-overlay  envira-gallery-top-right\"><\/div><div class=\"envira-gallery-position-overlay  envira-gallery-bottom-left\"><\/div><div class=\"envira-gallery-position-overlay  envira-gallery-bottom-right\"><\/div><a href=\"https:\/\/www.gbfoodricercasviluppo.com\/francais\/wp-content\/uploads\/2015\/11\/sala-assaggio-presentazione-prodotti-gbfood.jpg\" class=\"envira-gallery-1645 envira-gallery-link\" rel=\"enviragallery1645\" title=\"sala-assaggio-presentazione-prodotti-gbfood\" data-envira-caption=\"sala-assaggio-presentazione-prodotti-gbfood\" data-envira-retina=\"\" data-thumbnail=\"\"  itemprop=\"contentUrl\"><img id=\"envira-gallery-image-1651\" class=\"envira-gallery-image envira-gallery-image-6\" data-envira-index=\"6\" src=\"https:\/\/www.gbfoodricercasviluppo.com\/francais\/wp-content\/uploads\/2015\/11\/sala-assaggio-presentazione-prodotti-gbfood-300x225-130x100_c.jpg\" data-envira-src=\"https:\/\/www.gbfoodricercasviluppo.com\/francais\/wp-content\/uploads\/2015\/11\/sala-assaggio-presentazione-prodotti-gbfood-300x225-130x100_c.jpg\" data-envira-gallery-id=\"1645\" data-envira-item-id=\"1651\" data-envira-caption=\"sala-assaggio-presentazione-prodotti-gbfood\" alt=\"\" title=\"sala-assaggio-presentazione-prodotti-gbfood\"  itemprop=\"thumbnailUrl\" data-envira-srcset=\"https:\/\/www.gbfoodricercasviluppo.com\/francais\/wp-content\/uploads\/2015\/11\/sala-assaggio-presentazione-prodotti-gbfood-300x225-130x100_c.jpg 400w,https:\/\/www.gbfoodricercasviluppo.com\/francais\/wp-content\/uploads\/2015\/11\/sala-assaggio-presentazione-prodotti-gbfood-300x225-130x100_c.jpg 2x\" srcset=\"https:\/\/www.gbfoodricercasviluppo.com\/francais\/wp-content\/uploads\/2015\/11\/sala-assaggio-presentazione-prodotti-gbfood-260x200_c.jpg 2x\" \/><\/a><\/div><\/div><\/div><\/div><noscript><img src=\"https:\/\/www.gbfoodricercasviluppo.com\/francais\/wp-content\/uploads\/2015\/11\/laboratorio-cibo-ricerca-e-sviluppo.jpg\" alt=\"\" \/><img src=\"https:\/\/www.gbfoodricercasviluppo.com\/francais\/wp-content\/uploads\/2015\/11\/laboratorio-cutter-cucina-e-tecnologia.jpg\" alt=\"\" \/><img src=\"https:\/\/www.gbfoodricercasviluppo.com\/francais\/wp-content\/uploads\/2015\/11\/laboratorio-food-shelf-life.jpg\" alt=\"\" \/><img src=\"https:\/\/www.gbfoodricercasviluppo.com\/francais\/wp-content\/uploads\/2015\/11\/laboratorio-sterilizzazione-alimenti.jpg\" alt=\"\" \/><img src=\"https:\/\/www.gbfoodricercasviluppo.com\/francais\/wp-content\/uploads\/2015\/11\/refrigerazione.gif\" alt=\"\" \/><img src=\"https:\/\/www.gbfoodricercasviluppo.com\/francais\/wp-content\/uploads\/2015\/11\/sala-assaggio-presentazione-prodotti-gbfood.jpg\" alt=\"\" \/><\/noscript>\n<h2><strong>L&rsquo;\u00e9quipe<\/strong><\/h2>\n<p>La force de GB STUDIO est parfaitement coordonn\u00e9 le travail d&rsquo;\u00e9quipe de technologues : formulateurs , auditeurs, experts en assurance de la qualit\u00e9 , de la production , l&rsquo;hygi\u00e8ne , l&rsquo;\u00e9tiquetage, \u00e0 qui combinent les comp\u00e9tences d&rsquo;un chef professionnel.<\/p>\n<h3>Ressources<\/h3>\n<ul>\n<li>une technologie cuisine multifonctionnel laboratoire exp\u00e9rimental avec;<\/li>\n<li>une base de donn\u00e9es de plus de 4000 formules de produits alimentaires;<\/li>\n<li>mise \u00e0 jour constante des mati\u00e8res premi\u00e8res et des additifs de partout dans le monde.<\/li>\n<\/ul>\n<h1>Recherche et de la technologie pour soutenir l&rsquo;innovation<\/h1>\n<p><strong>GB STUDIO<\/strong> allie la simplicit\u00e9 et de la rationalit\u00e9 de la pens\u00e9e avec la complexit\u00e9 et la sophistication de leurs m\u00e9thodes.<br \/>\nNotre proc\u00e9d\u00e9 consiste \u00e0:<\/p>\n<ul>\n<li>en venant \u00e0 conna\u00eetre le client en profondeur, coop\u00e9rer avec son \u00e9quipe de travail , de ses besoins et de sa vision des choses;<\/li>\n<li>dans la pr\u00e9cision des \u00e9tudes de faisabilit\u00e9, y compris celles fond\u00e9es sur la connaissance des march\u00e9s et des strat\u00e9gies des op\u00e9rateurs , qui impliquent souvent des raffinements successifs des id\u00e9es de d\u00e9part;<\/li>\n<li>dans la structuration des proc\u00e9dures , m\u00e9ticuleux et souple en m\u00eame temps;<\/li>\n<li>dans l&rsquo;utilisation des instruments et des comp\u00e9tences de haut niveau, gr\u00e2ce \u00e0 un laboratoire unique en son genre en Italie;<\/li>\n<li>dans le professionnalisme absolu en termes de confidentialit\u00e9 et de protection de la vie priv\u00e9e du client.<\/li>\n<\/ul>\n","protected":false},"excerpt":{"rendered":"<p>La soci\u00e9t\u00e9 GB STUDIO est une entreprise avec plus de 30 ans d&rsquo;exp\u00e9rience dans le d\u00e9veloppement de nouveaux produits alimentaires. Gr\u00e2ce \u00e0 la contribution des diff\u00e9rents professionnels, de chefs de technologue alimentaire, jusqu&rsquo;\u00e0 des experts dans la construction d&rsquo;installations et de la gestion de la qualit\u00e9, GB Studio est capable de: Traduire les id\u00e9es nouvelles [&hellip;]<\/p>\n","protected":false},"author":1,"featured_media":0,"parent":0,"menu_order":1,"comment_status":"closed","ping_status":"closed","template":"","meta":{"footnotes":""},"yoast_head":"<!-- This site is optimized with the Yoast SEO plugin v22.2 - https:\/\/yoast.com\/wordpress\/plugins\/seo\/ -->\n<title>D\u00e9veloppement de nouveaux produits alimentaires - GB Food<\/title>\n<meta name=\"description\" content=\"plus de 30 ans d&#039;exp\u00e9rience dans le d\u00e9veloppement de nouveaux produits alimentaires. Gr\u00e2ce \u00e0 la contribution des diff\u00e9rents professionnels, de chefs de technologue alimentaire, jusqu&#039;\u00e0 des experts dans la construction d&#039;installations et de la gestion de la qualit\u00e9\" \/>\n<meta name=\"robots\" content=\"index, follow, max-snippet:-1, max-image-preview:large, max-video-preview:-1\" \/>\n<link rel=\"canonical\" href=\"https:\/\/www.gbfoodricercasviluppo.com\/francais\/propos-de-nous\/\" \/>\n<meta property=\"og:locale\" content=\"fr_FR\" \/>\n<meta property=\"og:type\" content=\"article\" \/>\n<meta property=\"og:title\" content=\"D\u00e9veloppement de nouveaux produits alimentaires - GB Food\" \/>\n<meta property=\"og:description\" content=\"plus de 30 ans d&#039;exp\u00e9rience dans le d\u00e9veloppement de nouveaux produits alimentaires. Gr\u00e2ce \u00e0 la contribution des diff\u00e9rents professionnels, de chefs de technologue alimentaire, jusqu&#039;\u00e0 des experts dans la construction d&#039;installations et de la gestion de la qualit\u00e9\" \/>\n<meta property=\"og:url\" content=\"https:\/\/www.gbfoodricercasviluppo.com\/francais\/propos-de-nous\/\" \/>\n<meta property=\"article:modified_time\" content=\"2015-11-12T09:49:36+00:00\" \/>\n<meta name=\"twitter:card\" content=\"summary_large_image\" \/>\n<meta name=\"twitter:label1\" content=\"Dur\u00e9e de lecture estim\u00e9e\" \/>\n\t<meta name=\"twitter:data1\" content=\"2 minutes\" \/>\n<script type=\"application\/ld+json\" class=\"yoast-schema-graph\">{\"@context\":\"https:\/\/schema.org\",\"@graph\":[{\"@type\":\"WebPage\",\"@id\":\"https:\/\/www.gbfoodricercasviluppo.com\/francais\/propos-de-nous\/\",\"url\":\"https:\/\/www.gbfoodricercasviluppo.com\/francais\/propos-de-nous\/\",\"name\":\"D\u00e9veloppement de nouveaux produits alimentaires - GB Food\",\"isPartOf\":{\"@id\":\"https:\/\/www.gbfoodricercasviluppo.com\/francais\/#website\"},\"datePublished\":\"2011-12-02T11:58:44+00:00\",\"dateModified\":\"2015-11-12T09:49:36+00:00\",\"description\":\"plus de 30 ans d'exp\u00e9rience dans le d\u00e9veloppement de nouveaux produits alimentaires. Gr\u00e2ce \u00e0 la contribution des diff\u00e9rents professionnels, de chefs de technologue alimentaire, jusqu'\u00e0 des experts dans la construction d'installations et de la gestion de la qualit\u00e9\",\"breadcrumb\":{\"@id\":\"https:\/\/www.gbfoodricercasviluppo.com\/francais\/propos-de-nous\/#breadcrumb\"},\"inLanguage\":\"fr-FR\",\"potentialAction\":[{\"@type\":\"ReadAction\",\"target\":[\"https:\/\/www.gbfoodricercasviluppo.com\/francais\/propos-de-nous\/\"]}]},{\"@type\":\"BreadcrumbList\",\"@id\":\"https:\/\/www.gbfoodricercasviluppo.com\/francais\/propos-de-nous\/#breadcrumb\",\"itemListElement\":[{\"@type\":\"ListItem\",\"position\":1,\"name\":\"Home\",\"item\":\"https:\/\/www.gbfoodricercasviluppo.com\/francais\/\"},{\"@type\":\"ListItem\",\"position\":2,\"name\":\"\u00c0 propos de nous\"}]},{\"@type\":\"WebSite\",\"@id\":\"https:\/\/www.gbfoodricercasviluppo.com\/francais\/#website\",\"url\":\"https:\/\/www.gbfoodricercasviluppo.com\/francais\/\",\"name\":\"\",\"description\":\"\",\"potentialAction\":[{\"@type\":\"SearchAction\",\"target\":{\"@type\":\"EntryPoint\",\"urlTemplate\":\"https:\/\/www.gbfoodricercasviluppo.com\/francais\/?s={search_term_string}\"},\"query-input\":\"required name=search_term_string\"}],\"inLanguage\":\"fr-FR\"}]}<\/script>\n<!-- \/ Yoast SEO plugin. -->","yoast_head_json":{"title":"D\u00e9veloppement de nouveaux produits alimentaires - GB Food","description":"plus de 30 ans d'exp\u00e9rience dans le d\u00e9veloppement de nouveaux produits alimentaires. Gr\u00e2ce \u00e0 la contribution des diff\u00e9rents professionnels, de chefs de technologue alimentaire, jusqu'\u00e0 des experts dans la construction d'installations et de la gestion de la qualit\u00e9","robots":{"index":"index","follow":"follow","max-snippet":"max-snippet:-1","max-image-preview":"max-image-preview:large","max-video-preview":"max-video-preview:-1"},"canonical":"https:\/\/www.gbfoodricercasviluppo.com\/francais\/propos-de-nous\/","og_locale":"fr_FR","og_type":"article","og_title":"D\u00e9veloppement de nouveaux produits alimentaires - GB Food","og_description":"plus de 30 ans d'exp\u00e9rience dans le d\u00e9veloppement de nouveaux produits alimentaires. Gr\u00e2ce \u00e0 la contribution des diff\u00e9rents professionnels, de chefs de technologue alimentaire, jusqu'\u00e0 des experts dans la construction d'installations et de la gestion de la qualit\u00e9","og_url":"https:\/\/www.gbfoodricercasviluppo.com\/francais\/propos-de-nous\/","article_modified_time":"2015-11-12T09:49:36+00:00","twitter_card":"summary_large_image","twitter_misc":{"Dur\u00e9e de lecture estim\u00e9e":"2 minutes"},"schema":{"@context":"https:\/\/schema.org","@graph":[{"@type":"WebPage","@id":"https:\/\/www.gbfoodricercasviluppo.com\/francais\/propos-de-nous\/","url":"https:\/\/www.gbfoodricercasviluppo.com\/francais\/propos-de-nous\/","name":"D\u00e9veloppement de nouveaux produits alimentaires - GB Food","isPartOf":{"@id":"https:\/\/www.gbfoodricercasviluppo.com\/francais\/#website"},"datePublished":"2011-12-02T11:58:44+00:00","dateModified":"2015-11-12T09:49:36+00:00","description":"plus de 30 ans d'exp\u00e9rience dans le d\u00e9veloppement de nouveaux produits alimentaires. Gr\u00e2ce \u00e0 la contribution des diff\u00e9rents professionnels, de chefs de technologue alimentaire, jusqu'\u00e0 des experts dans la construction d'installations et de la gestion de la qualit\u00e9","breadcrumb":{"@id":"https:\/\/www.gbfoodricercasviluppo.com\/francais\/propos-de-nous\/#breadcrumb"},"inLanguage":"fr-FR","potentialAction":[{"@type":"ReadAction","target":["https:\/\/www.gbfoodricercasviluppo.com\/francais\/propos-de-nous\/"]}]},{"@type":"BreadcrumbList","@id":"https:\/\/www.gbfoodricercasviluppo.com\/francais\/propos-de-nous\/#breadcrumb","itemListElement":[{"@type":"ListItem","position":1,"name":"Home","item":"https:\/\/www.gbfoodricercasviluppo.com\/francais\/"},{"@type":"ListItem","position":2,"name":"\u00c0 propos de nous"}]},{"@type":"WebSite","@id":"https:\/\/www.gbfoodricercasviluppo.com\/francais\/#website","url":"https:\/\/www.gbfoodricercasviluppo.com\/francais\/","name":"","description":"","potentialAction":[{"@type":"SearchAction","target":{"@type":"EntryPoint","urlTemplate":"https:\/\/www.gbfoodricercasviluppo.com\/francais\/?s={search_term_string}"},"query-input":"required name=search_term_string"}],"inLanguage":"fr-FR"}]}},"_links":{"self":[{"href":"https:\/\/www.gbfoodricercasviluppo.com\/francais\/wp-json\/wp\/v2\/pages\/13"}],"collection":[{"href":"https:\/\/www.gbfoodricercasviluppo.com\/francais\/wp-json\/wp\/v2\/pages"}],"about":[{"href":"https:\/\/www.gbfoodricercasviluppo.com\/francais\/wp-json\/wp\/v2\/types\/page"}],"author":[{"embeddable":true,"href":"https:\/\/www.gbfoodricercasviluppo.com\/francais\/wp-json\/wp\/v2\/users\/1"}],"replies":[{"embeddable":true,"href":"https:\/\/www.gbfoodricercasviluppo.com\/francais\/wp-json\/wp\/v2\/comments?post=13"}],"version-history":[{"count":1,"href":"https:\/\/www.gbfoodricercasviluppo.com\/francais\/wp-json\/wp\/v2\/pages\/13\/revisions"}],"predecessor-version":[{"id":1653,"href":"https:\/\/www.gbfoodricercasviluppo.com\/francais\/wp-json\/wp\/v2\/pages\/13\/revisions\/1653"}],"wp:attachment":[{"href":"https:\/\/www.gbfoodricercasviluppo.com\/francais\/wp-json\/wp\/v2\/media?parent=13"}],"curies":[{"name":"wp","href":"https:\/\/api.w.org\/{rel}","templated":true}]}}