{"id":223,"date":"2011-12-02T15:23:30","date_gmt":"2011-12-02T14:23:30","guid":{"rendered":"https:\/\/www.gbfoodricercasviluppo.com\/francais\/?page_id=223"},"modified":"2013-11-20T13:22:23","modified_gmt":"2013-11-20T12:22:23","slug":"gouter","status":"publish","type":"page","link":"https:\/\/www.gbfoodricercasviluppo.com\/francais\/laboratory\/gouter\/","title":{"rendered":"&raquo; La salle de d\u00e9gustation"},"content":{"rendered":"<h1>Centrer l&rsquo;objectif: go\u00fbter, contr\u00f4ler, pr\u00e9senter<\/h1>\n<p>Le si\u00e8ge de GB STUDIO est dou\u00e9e de chambres o\u00f9 il est possible d\u2019organiser des v\u00e9rifications, faire des d\u00e9gustations professionnelles et des focus group, et d&rsquo;une vaste salle de pr\u00e9sentation pour tenir de r\u00e9unions\/pr\u00e9sentations en place.<\/p>\n<p>&nbsp;<\/p>\n<p><img decoding=\"async\" loading=\"lazy\" class=\"aligncenter size-full wp-image-383\" title=\"go\u00fbter, contr\u00f4ler, pr\u00e9senter\" src=\"https:\/\/www.gbfoodricercasviluppo.com\/francais\/wp-content\/uploads\/2011\/12\/assaggiare-ricette2.jpg\" alt=\"\" width=\"440\" height=\"153\" srcset=\"https:\/\/www.gbfoodricercasviluppo.com\/francais\/wp-content\/uploads\/2011\/12\/assaggiare-ricette2.jpg 440w, https:\/\/www.gbfoodricercasviluppo.com\/francais\/wp-content\/uploads\/2011\/12\/assaggiare-ricette2-300x104.jpg 300w\" sizes=\"(max-width: 440px) 100vw, 440px\" \/><\/p>\n<p><img decoding=\"async\" loading=\"lazy\" class=\"aligncenter size-full wp-image-380\" title=\"assaggiare-prodotti-gb-food\" src=\"https:\/\/www.gbfoodricercasviluppo.com\/francais\/wp-content\/uploads\/2011\/12\/assaggiare-prodotti-gb-food1.jpg\" alt=\"\" width=\"440\" height=\"284\" srcset=\"https:\/\/www.gbfoodricercasviluppo.com\/francais\/wp-content\/uploads\/2011\/12\/assaggiare-prodotti-gb-food1.jpg 440w, https:\/\/www.gbfoodricercasviluppo.com\/francais\/wp-content\/uploads\/2011\/12\/assaggiare-prodotti-gb-food1-300x193.jpg 300w\" sizes=\"(max-width: 440px) 100vw, 440px\" \/><\/p>\n","protected":false},"excerpt":{"rendered":"<p>Centrer l&rsquo;objectif: go\u00fbter, contr\u00f4ler, pr\u00e9senter Le si\u00e8ge de GB STUDIO est dou\u00e9e de chambres o\u00f9 il est possible d\u2019organiser des v\u00e9rifications, faire des d\u00e9gustations professionnelles et des focus group, et d&rsquo;une vaste salle de pr\u00e9sentation pour tenir de r\u00e9unions\/pr\u00e9sentations en place. &nbsp;<\/p>\n","protected":false},"author":1,"featured_media":0,"parent":19,"menu_order":4,"comment_status":"open","ping_status":"open","template":"","meta":{"footnotes":""},"yoast_head":"<!-- This site is optimized with the Yoast SEO plugin v22.2 - https:\/\/yoast.com\/wordpress\/plugins\/seo\/ -->\n<title>Centrer l&#039;objectif: go\u00fbter, contr\u00f4ler, pr\u00e9senter<\/title>\n<meta name=\"description\" content=\"Le si\u00e8ge de GB STUDIO est dou\u00e9e de chambres o\u00f9 il est possible d\u2019organiser des v\u00e9rifications, faire des d\u00e9gustations professionnelles et des focus group, et d&#039;une vaste salle de pr\u00e9sentation pour tenir de r\u00e9unions\/pr\u00e9sentations en place.\" \/>\n<meta name=\"robots\" content=\"index, follow, max-snippet:-1, max-image-preview:large, max-video-preview:-1\" \/>\n<link rel=\"canonical\" href=\"https:\/\/www.gbfoodricercasviluppo.com\/francais\/laboratory\/gouter\/\" \/>\n<meta property=\"og:locale\" content=\"fr_FR\" \/>\n<meta property=\"og:type\" content=\"article\" \/>\n<meta property=\"og:title\" content=\"Centrer l&#039;objectif: go\u00fbter, contr\u00f4ler, pr\u00e9senter\" \/>\n<meta property=\"og:description\" content=\"Le si\u00e8ge de GB STUDIO est dou\u00e9e de chambres o\u00f9 il est possible d\u2019organiser des v\u00e9rifications, faire des d\u00e9gustations professionnelles et des focus group, et d&#039;une vaste salle de pr\u00e9sentation pour tenir de r\u00e9unions\/pr\u00e9sentations en place.\" \/>\n<meta property=\"og:url\" content=\"https:\/\/www.gbfoodricercasviluppo.com\/francais\/laboratory\/gouter\/\" \/>\n<meta property=\"article:modified_time\" content=\"2013-11-20T12:22:23+00:00\" \/>\n<meta property=\"og:image\" content=\"https:\/\/www.gbfoodricercasviluppo.com\/francais\/wp-content\/uploads\/2011\/12\/assaggiare-ricette2.jpg\" \/>\n<meta name=\"twitter:card\" content=\"summary_large_image\" \/>\n<script type=\"application\/ld+json\" class=\"yoast-schema-graph\">{\"@context\":\"https:\/\/schema.org\",\"@graph\":[{\"@type\":\"WebPage\",\"@id\":\"https:\/\/www.gbfoodricercasviluppo.com\/francais\/laboratory\/gouter\/\",\"url\":\"https:\/\/www.gbfoodricercasviluppo.com\/francais\/laboratory\/gouter\/\",\"name\":\"Centrer l'objectif: go\u00fbter, contr\u00f4ler, pr\u00e9senter\",\"isPartOf\":{\"@id\":\"https:\/\/www.gbfoodricercasviluppo.com\/francais\/#website\"},\"primaryImageOfPage\":{\"@id\":\"https:\/\/www.gbfoodricercasviluppo.com\/francais\/laboratory\/gouter\/#primaryimage\"},\"image\":{\"@id\":\"https:\/\/www.gbfoodricercasviluppo.com\/francais\/laboratory\/gouter\/#primaryimage\"},\"thumbnailUrl\":\"https:\/\/www.gbfoodricercasviluppo.com\/francais\/wp-content\/uploads\/2011\/12\/assaggiare-ricette2.jpg\",\"datePublished\":\"2011-12-02T14:23:30+00:00\",\"dateModified\":\"2013-11-20T12:22:23+00:00\",\"description\":\"Le si\u00e8ge de GB STUDIO est dou\u00e9e de chambres o\u00f9 il est possible d\u2019organiser des v\u00e9rifications, faire des d\u00e9gustations professionnelles et des focus group, et d'une vaste salle de pr\u00e9sentation pour tenir de r\u00e9unions\/pr\u00e9sentations en place.\",\"breadcrumb\":{\"@id\":\"https:\/\/www.gbfoodricercasviluppo.com\/francais\/laboratory\/gouter\/#breadcrumb\"},\"inLanguage\":\"fr-FR\",\"potentialAction\":[{\"@type\":\"ReadAction\",\"target\":[\"https:\/\/www.gbfoodricercasviluppo.com\/francais\/laboratory\/gouter\/\"]}]},{\"@type\":\"ImageObject\",\"inLanguage\":\"fr-FR\",\"@id\":\"https:\/\/www.gbfoodricercasviluppo.com\/francais\/laboratory\/gouter\/#primaryimage\",\"url\":\"https:\/\/www.gbfoodricercasviluppo.com\/francais\/wp-content\/uploads\/2011\/12\/assaggiare-ricette2.jpg\",\"contentUrl\":\"https:\/\/www.gbfoodricercasviluppo.com\/francais\/wp-content\/uploads\/2011\/12\/assaggiare-ricette2.jpg\",\"width\":\"440\",\"height\":\"153\"},{\"@type\":\"BreadcrumbList\",\"@id\":\"https:\/\/www.gbfoodricercasviluppo.com\/francais\/laboratory\/gouter\/#breadcrumb\",\"itemListElement\":[{\"@type\":\"ListItem\",\"position\":1,\"name\":\"Home\",\"item\":\"https:\/\/www.gbfoodricercasviluppo.com\/francais\/\"},{\"@type\":\"ListItem\",\"position\":2,\"name\":\"Laboratorie\",\"item\":\"https:\/\/www.gbfoodricercasviluppo.com\/francais\/laboratory\/\"},{\"@type\":\"ListItem\",\"position\":3,\"name\":\"&raquo; La salle de d\u00e9gustation\"}]},{\"@type\":\"WebSite\",\"@id\":\"https:\/\/www.gbfoodricercasviluppo.com\/francais\/#website\",\"url\":\"https:\/\/www.gbfoodricercasviluppo.com\/francais\/\",\"name\":\"\",\"description\":\"\",\"potentialAction\":[{\"@type\":\"SearchAction\",\"target\":{\"@type\":\"EntryPoint\",\"urlTemplate\":\"https:\/\/www.gbfoodricercasviluppo.com\/francais\/?s={search_term_string}\"},\"query-input\":\"required name=search_term_string\"}],\"inLanguage\":\"fr-FR\"}]}<\/script>\n<!-- \/ Yoast SEO plugin. -->","yoast_head_json":{"title":"Centrer l'objectif: go\u00fbter, contr\u00f4ler, pr\u00e9senter","description":"Le si\u00e8ge de GB STUDIO est dou\u00e9e de chambres o\u00f9 il est possible d\u2019organiser des v\u00e9rifications, faire des d\u00e9gustations professionnelles et des focus group, et d'une vaste salle de pr\u00e9sentation pour tenir de r\u00e9unions\/pr\u00e9sentations en place.","robots":{"index":"index","follow":"follow","max-snippet":"max-snippet:-1","max-image-preview":"max-image-preview:large","max-video-preview":"max-video-preview:-1"},"canonical":"https:\/\/www.gbfoodricercasviluppo.com\/francais\/laboratory\/gouter\/","og_locale":"fr_FR","og_type":"article","og_title":"Centrer l'objectif: go\u00fbter, contr\u00f4ler, pr\u00e9senter","og_description":"Le si\u00e8ge de GB STUDIO est dou\u00e9e de chambres o\u00f9 il est possible d\u2019organiser des v\u00e9rifications, faire des d\u00e9gustations professionnelles et des focus group, et d'une vaste salle de pr\u00e9sentation pour tenir de r\u00e9unions\/pr\u00e9sentations en place.","og_url":"https:\/\/www.gbfoodricercasviluppo.com\/francais\/laboratory\/gouter\/","article_modified_time":"2013-11-20T12:22:23+00:00","og_image":[{"url":"https:\/\/www.gbfoodricercasviluppo.com\/francais\/wp-content\/uploads\/2011\/12\/assaggiare-ricette2.jpg"}],"twitter_card":"summary_large_image","schema":{"@context":"https:\/\/schema.org","@graph":[{"@type":"WebPage","@id":"https:\/\/www.gbfoodricercasviluppo.com\/francais\/laboratory\/gouter\/","url":"https:\/\/www.gbfoodricercasviluppo.com\/francais\/laboratory\/gouter\/","name":"Centrer l'objectif: go\u00fbter, contr\u00f4ler, pr\u00e9senter","isPartOf":{"@id":"https:\/\/www.gbfoodricercasviluppo.com\/francais\/#website"},"primaryImageOfPage":{"@id":"https:\/\/www.gbfoodricercasviluppo.com\/francais\/laboratory\/gouter\/#primaryimage"},"image":{"@id":"https:\/\/www.gbfoodricercasviluppo.com\/francais\/laboratory\/gouter\/#primaryimage"},"thumbnailUrl":"https:\/\/www.gbfoodricercasviluppo.com\/francais\/wp-content\/uploads\/2011\/12\/assaggiare-ricette2.jpg","datePublished":"2011-12-02T14:23:30+00:00","dateModified":"2013-11-20T12:22:23+00:00","description":"Le si\u00e8ge de GB STUDIO est dou\u00e9e de chambres o\u00f9 il est possible d\u2019organiser des v\u00e9rifications, faire des d\u00e9gustations professionnelles et des focus group, et d'une vaste salle de pr\u00e9sentation pour tenir de r\u00e9unions\/pr\u00e9sentations en place.","breadcrumb":{"@id":"https:\/\/www.gbfoodricercasviluppo.com\/francais\/laboratory\/gouter\/#breadcrumb"},"inLanguage":"fr-FR","potentialAction":[{"@type":"ReadAction","target":["https:\/\/www.gbfoodricercasviluppo.com\/francais\/laboratory\/gouter\/"]}]},{"@type":"ImageObject","inLanguage":"fr-FR","@id":"https:\/\/www.gbfoodricercasviluppo.com\/francais\/laboratory\/gouter\/#primaryimage","url":"https:\/\/www.gbfoodricercasviluppo.com\/francais\/wp-content\/uploads\/2011\/12\/assaggiare-ricette2.jpg","contentUrl":"https:\/\/www.gbfoodricercasviluppo.com\/francais\/wp-content\/uploads\/2011\/12\/assaggiare-ricette2.jpg","width":"440","height":"153"},{"@type":"BreadcrumbList","@id":"https:\/\/www.gbfoodricercasviluppo.com\/francais\/laboratory\/gouter\/#breadcrumb","itemListElement":[{"@type":"ListItem","position":1,"name":"Home","item":"https:\/\/www.gbfoodricercasviluppo.com\/francais\/"},{"@type":"ListItem","position":2,"name":"Laboratorie","item":"https:\/\/www.gbfoodricercasviluppo.com\/francais\/laboratory\/"},{"@type":"ListItem","position":3,"name":"&raquo; La salle de d\u00e9gustation"}]},{"@type":"WebSite","@id":"https:\/\/www.gbfoodricercasviluppo.com\/francais\/#website","url":"https:\/\/www.gbfoodricercasviluppo.com\/francais\/","name":"","description":"","potentialAction":[{"@type":"SearchAction","target":{"@type":"EntryPoint","urlTemplate":"https:\/\/www.gbfoodricercasviluppo.com\/francais\/?s={search_term_string}"},"query-input":"required name=search_term_string"}],"inLanguage":"fr-FR"}]}},"_links":{"self":[{"href":"https:\/\/www.gbfoodricercasviluppo.com\/francais\/wp-json\/wp\/v2\/pages\/223"}],"collection":[{"href":"https:\/\/www.gbfoodricercasviluppo.com\/francais\/wp-json\/wp\/v2\/pages"}],"about":[{"href":"https:\/\/www.gbfoodricercasviluppo.com\/francais\/wp-json\/wp\/v2\/types\/page"}],"author":[{"embeddable":true,"href":"https:\/\/www.gbfoodricercasviluppo.com\/francais\/wp-json\/wp\/v2\/users\/1"}],"replies":[{"embeddable":true,"href":"https:\/\/www.gbfoodricercasviluppo.com\/francais\/wp-json\/wp\/v2\/comments?post=223"}],"version-history":[{"count":0,"href":"https:\/\/www.gbfoodricercasviluppo.com\/francais\/wp-json\/wp\/v2\/pages\/223\/revisions"}],"up":[{"embeddable":true,"href":"https:\/\/www.gbfoodricercasviluppo.com\/francais\/wp-json\/wp\/v2\/pages\/19"}],"wp:attachment":[{"href":"https:\/\/www.gbfoodricercasviluppo.com\/francais\/wp-json\/wp\/v2\/media?parent=223"}],"curies":[{"name":"wp","href":"https:\/\/api.w.org\/{rel}","templated":true}]}}