{"id":551,"date":"2012-01-19T14:32:56","date_gmt":"2012-01-19T13:32:56","guid":{"rendered":"https:\/\/www.gbfoodricercasviluppo.com\/francais\/?page_id=551"},"modified":"2013-11-20T14:31:40","modified_gmt":"2013-11-20T13:31:40","slug":"materies-premieres","status":"publish","type":"page","link":"https:\/\/www.gbfoodricercasviluppo.com\/francais\/laboratory\/materies-premieres\/","title":{"rendered":"&raquo; Mati\u00e8res Premi\u00e8res"},"content":{"rendered":"<h1>Plus de 10.000 mati\u00e8res premi\u00e8res r\u00e9pertori\u00e9es dans notre programme<\/h1>\n<p style=\"text-align: center;\"><img decoding=\"async\" loading=\"lazy\" class=\"wp-image-966 alignleft\" title=\"LabFot5\" src=\"https:\/\/www.gbfoodricercasviluppo.com\/francais\/wp-content\/uploads\/2012\/01\/LabFot5.jpg\" alt=\"\" width=\"150\" height=\"200\" \/><a href=\"https:\/\/www.gbfoodricercasviluppo.com\/francais\/wp-content\/uploads\/2012\/01\/LabFot3.jpg\"><img decoding=\"async\" loading=\"lazy\" class=\"size-full wp-image-967 aligncenter\" title=\"LabFot3\" src=\"https:\/\/www.gbfoodricercasviluppo.com\/francais\/wp-content\/uploads\/2012\/01\/LabFot3.jpg\" alt=\"\" width=\"150\" height=\"200\" \/><\/a><\/p>\n<p>&nbsp;<\/p>\n<p>Chaque mati\u00e8re premi\u00e8re est catalogu\u00e9e dans notre programme et remplit les fiches produits. Chaque fois que possible utilisation dans le processus de r\u00e9ception des mati\u00e8res premi\u00e8res \u00e0 partir de nos clients, en les int\u00e9grant si cela n&rsquo;est pas possible avec d&rsquo;autres trouv\u00e9s sur le march\u00e9. En ce sens, sont des partenariats tr\u00e8s importants que nous avons avec d&rsquo;autres fournisseurs qui nous envoient des \u00e9chantillons \u00e0 \u00e9valuer et \u00e0 utiliser rapidement et, dans certains cas, \u00e9tude ad hoc des pr\u00e9paratifs pour les besoins de nos clients.<\/p>\n<p>&nbsp;<\/p>\n","protected":false},"excerpt":{"rendered":"<p>Plus de 10.000 mati\u00e8res premi\u00e8res r\u00e9pertori\u00e9es dans notre programme &nbsp; Chaque mati\u00e8re premi\u00e8re est catalogu\u00e9e dans notre programme et remplit les fiches produits. Chaque fois que possible utilisation dans le processus de r\u00e9ception des mati\u00e8res premi\u00e8res \u00e0 partir de nos clients, en les int\u00e9grant si cela n&rsquo;est pas possible avec d&rsquo;autres trouv\u00e9s sur le march\u00e9. [&hellip;]<\/p>\n","protected":false},"author":1,"featured_media":0,"parent":19,"menu_order":3,"comment_status":"open","ping_status":"open","template":"","meta":{"footnotes":""},"yoast_head":"<!-- This site is optimized with the Yoast SEO plugin v22.2 - https:\/\/yoast.com\/wordpress\/plugins\/seo\/ -->\n<title>mati\u00e8res premi\u00e8res r\u00e9pertori\u00e9es dans notre programme<\/title>\n<meta name=\"description\" content=\"Chaque mati\u00e8re premi\u00e8re est catalogu\u00e9e dans notre programme et remplit les fiches produits. Chaque fois que possible utilisation dans le processus de r\u00e9ception des mati\u00e8res premi\u00e8res \u00e0 partir de nos clients, en les int\u00e9grant si cela n&#039;est pas possible avec d&#039;autres trouv\u00e9s sur le march\u00e9\" \/>\n<meta name=\"robots\" content=\"index, follow, max-snippet:-1, max-image-preview:large, max-video-preview:-1\" \/>\n<link rel=\"canonical\" href=\"https:\/\/www.gbfoodricercasviluppo.com\/francais\/laboratory\/materies-premieres\/\" \/>\n<meta property=\"og:locale\" content=\"fr_FR\" \/>\n<meta property=\"og:type\" content=\"article\" \/>\n<meta property=\"og:title\" content=\"mati\u00e8res premi\u00e8res r\u00e9pertori\u00e9es dans notre programme\" \/>\n<meta property=\"og:description\" content=\"Chaque mati\u00e8re premi\u00e8re est catalogu\u00e9e dans notre programme et remplit les fiches produits. Chaque fois que possible utilisation dans le processus de r\u00e9ception des mati\u00e8res premi\u00e8res \u00e0 partir de nos clients, en les int\u00e9grant si cela n&#039;est pas possible avec d&#039;autres trouv\u00e9s sur le march\u00e9\" \/>\n<meta property=\"og:url\" content=\"https:\/\/www.gbfoodricercasviluppo.com\/francais\/laboratory\/materies-premieres\/\" \/>\n<meta property=\"article:modified_time\" content=\"2013-11-20T13:31:40+00:00\" \/>\n<meta property=\"og:image\" content=\"https:\/\/www.gbfoodricercasviluppo.com\/francais\/wp-content\/uploads\/2012\/01\/LabFot5.jpg\" \/>\n<meta name=\"twitter:card\" content=\"summary_large_image\" \/>\n<meta name=\"twitter:label1\" content=\"Dur\u00e9e de lecture estim\u00e9e\" \/>\n\t<meta name=\"twitter:data1\" content=\"1 minute\" \/>\n<script type=\"application\/ld+json\" class=\"yoast-schema-graph\">{\"@context\":\"https:\/\/schema.org\",\"@graph\":[{\"@type\":\"WebPage\",\"@id\":\"https:\/\/www.gbfoodricercasviluppo.com\/francais\/laboratory\/materies-premieres\/\",\"url\":\"https:\/\/www.gbfoodricercasviluppo.com\/francais\/laboratory\/materies-premieres\/\",\"name\":\"mati\u00e8res premi\u00e8res r\u00e9pertori\u00e9es dans notre programme\",\"isPartOf\":{\"@id\":\"https:\/\/www.gbfoodricercasviluppo.com\/francais\/#website\"},\"primaryImageOfPage\":{\"@id\":\"https:\/\/www.gbfoodricercasviluppo.com\/francais\/laboratory\/materies-premieres\/#primaryimage\"},\"image\":{\"@id\":\"https:\/\/www.gbfoodricercasviluppo.com\/francais\/laboratory\/materies-premieres\/#primaryimage\"},\"thumbnailUrl\":\"https:\/\/www.gbfoodricercasviluppo.com\/francais\/wp-content\/uploads\/2012\/01\/LabFot5.jpg\",\"datePublished\":\"2012-01-19T13:32:56+00:00\",\"dateModified\":\"2013-11-20T13:31:40+00:00\",\"description\":\"Chaque mati\u00e8re premi\u00e8re est catalogu\u00e9e dans notre programme et remplit les fiches produits. Chaque fois que possible utilisation dans le processus de r\u00e9ception des mati\u00e8res premi\u00e8res \u00e0 partir de nos clients, en les int\u00e9grant si cela n'est pas possible avec d'autres trouv\u00e9s sur le march\u00e9\",\"breadcrumb\":{\"@id\":\"https:\/\/www.gbfoodricercasviluppo.com\/francais\/laboratory\/materies-premieres\/#breadcrumb\"},\"inLanguage\":\"fr-FR\",\"potentialAction\":[{\"@type\":\"ReadAction\",\"target\":[\"https:\/\/www.gbfoodricercasviluppo.com\/francais\/laboratory\/materies-premieres\/\"]}]},{\"@type\":\"ImageObject\",\"inLanguage\":\"fr-FR\",\"@id\":\"https:\/\/www.gbfoodricercasviluppo.com\/francais\/laboratory\/materies-premieres\/#primaryimage\",\"url\":\"https:\/\/www.gbfoodricercasviluppo.com\/francais\/wp-content\/uploads\/2012\/01\/LabFot5.jpg\",\"contentUrl\":\"https:\/\/www.gbfoodricercasviluppo.com\/francais\/wp-content\/uploads\/2012\/01\/LabFot5.jpg\",\"width\":\"150\",\"height\":\"200\"},{\"@type\":\"BreadcrumbList\",\"@id\":\"https:\/\/www.gbfoodricercasviluppo.com\/francais\/laboratory\/materies-premieres\/#breadcrumb\",\"itemListElement\":[{\"@type\":\"ListItem\",\"position\":1,\"name\":\"Home\",\"item\":\"https:\/\/www.gbfoodricercasviluppo.com\/francais\/\"},{\"@type\":\"ListItem\",\"position\":2,\"name\":\"Laboratorie\",\"item\":\"https:\/\/www.gbfoodricercasviluppo.com\/francais\/laboratory\/\"},{\"@type\":\"ListItem\",\"position\":3,\"name\":\"&raquo; Mati\u00e8res Premi\u00e8res\"}]},{\"@type\":\"WebSite\",\"@id\":\"https:\/\/www.gbfoodricercasviluppo.com\/francais\/#website\",\"url\":\"https:\/\/www.gbfoodricercasviluppo.com\/francais\/\",\"name\":\"\",\"description\":\"\",\"potentialAction\":[{\"@type\":\"SearchAction\",\"target\":{\"@type\":\"EntryPoint\",\"urlTemplate\":\"https:\/\/www.gbfoodricercasviluppo.com\/francais\/?s={search_term_string}\"},\"query-input\":\"required name=search_term_string\"}],\"inLanguage\":\"fr-FR\"}]}<\/script>\n<!-- \/ Yoast SEO plugin. -->","yoast_head_json":{"title":"mati\u00e8res premi\u00e8res r\u00e9pertori\u00e9es dans notre programme","description":"Chaque mati\u00e8re premi\u00e8re est catalogu\u00e9e dans notre programme et remplit les fiches produits. Chaque fois que possible utilisation dans le processus de r\u00e9ception des mati\u00e8res premi\u00e8res \u00e0 partir de nos clients, en les int\u00e9grant si cela n'est pas possible avec d'autres trouv\u00e9s sur le march\u00e9","robots":{"index":"index","follow":"follow","max-snippet":"max-snippet:-1","max-image-preview":"max-image-preview:large","max-video-preview":"max-video-preview:-1"},"canonical":"https:\/\/www.gbfoodricercasviluppo.com\/francais\/laboratory\/materies-premieres\/","og_locale":"fr_FR","og_type":"article","og_title":"mati\u00e8res premi\u00e8res r\u00e9pertori\u00e9es dans notre programme","og_description":"Chaque mati\u00e8re premi\u00e8re est catalogu\u00e9e dans notre programme et remplit les fiches produits. Chaque fois que possible utilisation dans le processus de r\u00e9ception des mati\u00e8res premi\u00e8res \u00e0 partir de nos clients, en les int\u00e9grant si cela n'est pas possible avec d'autres trouv\u00e9s sur le march\u00e9","og_url":"https:\/\/www.gbfoodricercasviluppo.com\/francais\/laboratory\/materies-premieres\/","article_modified_time":"2013-11-20T13:31:40+00:00","og_image":[{"url":"https:\/\/www.gbfoodricercasviluppo.com\/francais\/wp-content\/uploads\/2012\/01\/LabFot5.jpg"}],"twitter_card":"summary_large_image","twitter_misc":{"Dur\u00e9e de lecture estim\u00e9e":"1 minute"},"schema":{"@context":"https:\/\/schema.org","@graph":[{"@type":"WebPage","@id":"https:\/\/www.gbfoodricercasviluppo.com\/francais\/laboratory\/materies-premieres\/","url":"https:\/\/www.gbfoodricercasviluppo.com\/francais\/laboratory\/materies-premieres\/","name":"mati\u00e8res premi\u00e8res r\u00e9pertori\u00e9es dans notre programme","isPartOf":{"@id":"https:\/\/www.gbfoodricercasviluppo.com\/francais\/#website"},"primaryImageOfPage":{"@id":"https:\/\/www.gbfoodricercasviluppo.com\/francais\/laboratory\/materies-premieres\/#primaryimage"},"image":{"@id":"https:\/\/www.gbfoodricercasviluppo.com\/francais\/laboratory\/materies-premieres\/#primaryimage"},"thumbnailUrl":"https:\/\/www.gbfoodricercasviluppo.com\/francais\/wp-content\/uploads\/2012\/01\/LabFot5.jpg","datePublished":"2012-01-19T13:32:56+00:00","dateModified":"2013-11-20T13:31:40+00:00","description":"Chaque mati\u00e8re premi\u00e8re est catalogu\u00e9e dans notre programme et remplit les fiches produits. Chaque fois que possible utilisation dans le processus de r\u00e9ception des mati\u00e8res premi\u00e8res \u00e0 partir de nos clients, en les int\u00e9grant si cela n'est pas possible avec d'autres trouv\u00e9s sur le march\u00e9","breadcrumb":{"@id":"https:\/\/www.gbfoodricercasviluppo.com\/francais\/laboratory\/materies-premieres\/#breadcrumb"},"inLanguage":"fr-FR","potentialAction":[{"@type":"ReadAction","target":["https:\/\/www.gbfoodricercasviluppo.com\/francais\/laboratory\/materies-premieres\/"]}]},{"@type":"ImageObject","inLanguage":"fr-FR","@id":"https:\/\/www.gbfoodricercasviluppo.com\/francais\/laboratory\/materies-premieres\/#primaryimage","url":"https:\/\/www.gbfoodricercasviluppo.com\/francais\/wp-content\/uploads\/2012\/01\/LabFot5.jpg","contentUrl":"https:\/\/www.gbfoodricercasviluppo.com\/francais\/wp-content\/uploads\/2012\/01\/LabFot5.jpg","width":"150","height":"200"},{"@type":"BreadcrumbList","@id":"https:\/\/www.gbfoodricercasviluppo.com\/francais\/laboratory\/materies-premieres\/#breadcrumb","itemListElement":[{"@type":"ListItem","position":1,"name":"Home","item":"https:\/\/www.gbfoodricercasviluppo.com\/francais\/"},{"@type":"ListItem","position":2,"name":"Laboratorie","item":"https:\/\/www.gbfoodricercasviluppo.com\/francais\/laboratory\/"},{"@type":"ListItem","position":3,"name":"&raquo; Mati\u00e8res Premi\u00e8res"}]},{"@type":"WebSite","@id":"https:\/\/www.gbfoodricercasviluppo.com\/francais\/#website","url":"https:\/\/www.gbfoodricercasviluppo.com\/francais\/","name":"","description":"","potentialAction":[{"@type":"SearchAction","target":{"@type":"EntryPoint","urlTemplate":"https:\/\/www.gbfoodricercasviluppo.com\/francais\/?s={search_term_string}"},"query-input":"required name=search_term_string"}],"inLanguage":"fr-FR"}]}},"_links":{"self":[{"href":"https:\/\/www.gbfoodricercasviluppo.com\/francais\/wp-json\/wp\/v2\/pages\/551"}],"collection":[{"href":"https:\/\/www.gbfoodricercasviluppo.com\/francais\/wp-json\/wp\/v2\/pages"}],"about":[{"href":"https:\/\/www.gbfoodricercasviluppo.com\/francais\/wp-json\/wp\/v2\/types\/page"}],"author":[{"embeddable":true,"href":"https:\/\/www.gbfoodricercasviluppo.com\/francais\/wp-json\/wp\/v2\/users\/1"}],"replies":[{"embeddable":true,"href":"https:\/\/www.gbfoodricercasviluppo.com\/francais\/wp-json\/wp\/v2\/comments?post=551"}],"version-history":[{"count":0,"href":"https:\/\/www.gbfoodricercasviluppo.com\/francais\/wp-json\/wp\/v2\/pages\/551\/revisions"}],"up":[{"embeddable":true,"href":"https:\/\/www.gbfoodricercasviluppo.com\/francais\/wp-json\/wp\/v2\/pages\/19"}],"wp:attachment":[{"href":"https:\/\/www.gbfoodricercasviluppo.com\/francais\/wp-json\/wp\/v2\/media?parent=551"}],"curies":[{"name":"wp","href":"https:\/\/api.w.org\/{rel}","templated":true}]}}